 45*c - 291. Give i(10).
-41
Let y(q) = -105*q + 743. What is y(7)?
8
Let j(q) = 87*q - 15. Give j(-3).
-276
Let z(t) = 200*t - 629. Determine z(3).
-29
Let z(c) = -c**2 + 37*c + 8. Determine z(37).
8
Let u(o) = 1851*o - 3696. What is u(2)?
6
Let u(r) = -r**3 - 138*r**2 - 265*r + 944. Give u(-136).
-8
Let r(f) = -4*f - 164. Give r(-55).
56
Let x(z) = z**3 + 31*z**2 + 25*z - 171. Determine x(-30).
-21
Let j(r) = r**3 - 48*r**2 + 216*r - 35. What is j(43)?
8
Let a(h) = 2*h**3 - 15*h**2 - 133*h + 994. What is a(8)?
-6
Let q(v) = 19*v + 302. What is q(-51)?
-667
Let v(p) = -3*p**3 + 60*p**2 + 59*p + 46. Determine v(21).
-38
Let q(t) = t**2 - 99*t + 497. Determine q(5).
27
Let x(k) = 41*k - 182. Determine x(-25).
-1207
Let r(y) = -y**3 + y**2 - 136*y - 110. What is r(0)?
-110
Let a(u) = u**3 + 4*u**2 - 140*u + 14. Determine a(10).
14
Let o(b) = 105*b + 3263. Calculate o(-31).
8
Let w(l) = 3*l + 124. Give w(-14).
82
Let k(a) = a**3 - 6*a**2 - 58*a - 123. Calculate k(12).
45
Let j(l) = -4*l**3 + 3*l**2 - 27*l + 25. What is j(1)?
-3
Let r(o) = 9*o**3 + 4*o**2 - 9*o + 18. Determine r(3).
270
Let t(v) = -125*v + 1368. Calculate t(11).
-7
Let d(m) = 6*m**2 + 2*m + 26. Calculate d(3).
86
Let g(a) = 2*a**3 + 37*a**2 - 54*a + 39. Calculate g(-20).
-81
Let a(b) = b**3 + 26*b**2 - 666*b + 258. Determine a(-42).
6
Let v(a) = -372*a - 19. Determine v(0).
-19
Let v(t) = -1641*t - 8171. Determine v(-5).
34
Let c(z) = 654*z - 158265. Determine c(242).
3
Let d(x) = x**2 + 34*x + 114. Calculate d(-27).
-75
Let b(c) = -9*c - 5. Give b(-22).
193
Let d(s) = -272*s + 1031. Give d(4).
-57
Let m(c) = -164*c - 6006. Give m(-35).
-266
Let t(a) = -8939*a - 71533. What is t(-8)?
-21
Let z(q) = -31*q**2 - 128*q + 14. Determine z(-5).
-121
Let r(q) = q**2 + 95*q + 209. Calculate r(-93).
23
Let d(p) = -2*p**2 + 63*p + 19. Give d(31).
50
Let m(s) = s**2 + 32*s + 161. Give m(-22).
-59
Let g(o) = o**2 + 14*o + 69. Calculate g(-5).
24
Let w(o) = 9*o**2 - 56*o - 8. Calculate w(7).
41
Let a(o) = -o**3 - 3*o**2 + 57*o + 38. What is a(-9)?
11
Let p(h) = -h**2 + 23*h - 50. Give p(22).
-28
Let v(u) = -u**2 + 298*u - 9322. Give v(35).
-117
Let c(y) = 11*y**2 - 53*y - 6. Calculate c(5).
4
Let i(w) = 303*w - 30304. Determine i(100).
-4
Let q(s) = -114*s - 3859. Give q(-34).
17
Let u(j) = 5*j**2 + 68*j - 274. Determine u(4).
78
Let q(l) = 4660*l - 41944. Determine q(9).
-4
Let m(u) = -799*u + 1590. What is m(2)?
-8
Let v(p) = 210*p + 5855. Calculate v(-28).
-25
Let d(v) = v**3 + 178*v**2 - 720*v - 4. Calculate d(4).
28
Let d(m) = 5*m + 115. Determine d(-19).
20
Let u(g) = g**3 - 26*g**2 - 28. Determine u(26).
-28
Let n(j) = -j**2 - 449*j - 4. Give n(0).
-4
Let c(t) = -2940*t - 8820. What is c(-3)?
0
Let p(j) = -28*j - 5. Calculate p(-1).
23
Let h(z) = -z**3 - 9*z**2 + 115*z - 27. Determine h(7).
-6
Let b(k) = k**3 + 7*k**2 - 403*k + 143. Determine b(-24).
23
Let n(i) = 6*i - 38. What is n(9)?
16
Let q(b) = b**3 + 116*b**2 + 983*b + 2127. What is q(-107)?
-13
Let v(l) = -13*l**2 - 2*l + 484. What is v(6)?
4
Let b(g) = -7*g + 101. What is b(15)?
-4
Let q(i) = -93*i - 5241. What is q(-56)?
-33
Let o(l) = 19*l**2 - 97*l + 302. Calculate o(3).
182
Let p(c) = -13*c**2 + 23*c + 296. What is p(-4)?
-4
Let y(t) = -95*t + 148. Determine y(2).
-42
Let u(m) = -2*m**2 - 162*m + 1629. Give u(-90).
9
Let r(s) = 2*s**3 - 65*s**2 - 35*s + 72. What is r(33)?
6
Let k(j) = -97*j + 932. Determine k(10).
-38
Let n(q) = 18*q - 108. Determine n(-19).
-450
Let j(z) = 553*z - 4418. What is j(8)?
6
Let i(n) = 3*n**2 + 3*n + 55. Calculate i(-6).
145
Let n(a) = a**3 - 85*a**2 + 621*a - 440. Calculate n(77).
-55
Let d(j) = j**3 - 56*j**2 + 210*j - 95. Determine d(52).
9
Let u(r) = 6*r**2 + 15*r + 62. What is u(-5)?
137
Let z(i) = 1480*i - 10358. What is z(7)?
2
Let n(b) = -1105*b - 6647. What is n(-6)?
-17
Let g(b) = -15*b**2 + 103*b + 5. Calculate g(8).
-131
Let u(v) = v**3 - 7*v**2 + v - 20. Calculate u(7).
-13
Let f(t) = -t**3 + 8*t**2 + 24*t - 45. Give f(10).
-5
Let a(m) = -18*m + 1182. Determine a(64).
30
Let l(f) = -3*f**2 - 51*f + 4. Calculate l(-17).
4
Let k(d) = 15*d - 204. What is k(15)?
21
Let c(j) = 2*j**2 - 20*j + 56. Calculate c(3).
14
Let j(s) = 5*s - 125. Calculate j(12).
-65
Let v(h) = 222*h - 26. Calculate v(2).
418
Let l(m) = -m**3 - 68*m**2 + 869*m + 8. What is l(11)?
8
Let r(x) = -5*x**3 + 13*x**2 + 18*x - 71. What is r(5)?
-281
Let d(r) = -182*r + 7502. Determine d(41).
40
Let t(u) = u**3 - 43*u**2 - 126*u - 564. Calculate t(46).
-12
Let t(z) = z + 38. What is t(5)?
43
Let r(s) = s**3 - 27*s**2 + 168*s + 1. Calculate r(10).
-19
Let g(s) = -46*s**2 - 4*s + 6. What is g(2)?
-186
Let b(r) = 26*r**2 - 419*r - 25. Calculate b(16).
-73
Let f(d) = 2*d**2 - 50*d + 448. What is f(10)?
148
Let i(h) = h**2 - 21*h + 91. Determine i(8).
-13
Let s(d) = 30*d**2 - 1986*d + 393. Give s(66).
-3
Let h(c) = -64*c - 34. Calculate h(4).
-290
Let n(m) = 47*m**2 + 1002*m + 306. Determine n(-21).
-9
Let s(b) = 2*b**2 + 202*b + 1189. Calculate s(-6).
49
Let f(i) = -260*i - 109712. Give f(-422).
8
Let f(j) = -j**2 - 7*j - 41. What is f(-13)?
-119
Let d(i) = -i**2 - 20*i + 45. Determine d(-13).
136
Let h(t) = 2*t**2 - 2*t - 2180. What is h(33)?
-68
Let t(m) = -m**3 + m**2 - 2*m + 19. Calculate t(0).
19
Let u(h) = 2*h**2 - 3*h - 5. Give u(-2).
9
Let n(m) = -2*m**3 + 24*m**2 - 33*m + 9. Calculate n(0).
9
Let f(o) = 92*o**2 - 3*o - 12. Calculate f(0).
-12
Let w(x) = -x**3 + 12*x**2 + 92*x + 282. Calculate w(18).
-6
Let t(q) = q**2 - 50*q - 1775. What is t(74)?
1
Let t(c) = -c**3 - 60*c**2 - 5*c - 409. Calculate t(-60).
-109
Let z(y) = 2*y**3 - 57*y**2 + 54*y + 2. Calculate z(1).
1
Let q(l) = -8*l**2 + 33*l + 87. Calculate q(7).
-74
Let r(c) = -3*c**3 + 5*c**2 + 2*c - 10. What is r(2)?
-10
Let w(r) = 11*r**2 + 4*r - 16. Give w(5).
279
Let u(r) = 2*r**2 + 216*r - 29542. Give u(-187).
4
Let s(m) = -69*m - 5094. Give s(-76).
150
Let l(d) = -d**3 - 7*d**2 + 3*d - 40. What is l(-5)?
-105
Let a(p) = 4*p**2 + 43*p - 68. Determine a(-12).
-8
Let q(m) = -m**2 - 231*m + 22565. What is q(74)?
-5
Let q(w) = -w**3 + 168*w**2 - 1121*w + 10. What is q(7)?
52
Let k(w) = w**3 + 10*w**2 - 6*w + 33. Calculate k(-11).
-22
Let j(d) = d**3 - 34*d - 55. Determine j(-2).
5
Let d(a) = -66*a + 9383. Give d(142).
11
Let a(w) = w**2 - 16*w - 75. What is a(17)?
-58
Let y(n) = -275*n - 3575. Give y(-13).
0
Let b(f) = 63*f + 66. Calculate b(-9).
-501
Let f(o) = -3*o**2 - 346*o - 8864. Give f(-77).
-9
Let d(n) = n**3 - 236*n**2 - 2459*n + 2. Calculate d(-10).
-8
Let n(q) = 16*q - 598. Calculate n(38).
10
Let p(c) = 2*c**3 - 15*c**2 + 16*c + 11. Determine p(6).
-1
Let l(n) = n**2 - 163*n + 12. Determine l(0).
12
Let o(v) = 27*v**3 - 109*v**2 - 23*v + 114. Calculate o(4).
6
Let b(q) = -282*q + 11565. Give b(41).
3
Let t(j) = 75*j - 1144. What is t(14)?
-94
Let d(p) = 40*p - 1583. Calculate d(40).
17
Let u(x) = x**3 - 5*x**2 - 95*x + 571. Calculate u(7).
4
Let q(o) = 11*o**2 - 96*o + 177. Determine q(7).
44
Let z(u) = 8*u**3 + 296*u**2 - 11*u - 402. Calculate z(-37).
5
Let m(s) = 217*s - 2060. Calculate m(8).
-324
Let b(g) = 20*g - 204. Calculate b(9).
-24
Let b(i) = i**3 + 5*i**2 + 27*i + 59. Calculate b(-3).
-4
Let u(f) = 203*f + 1475. Give u(-12).
-961
Let x(q) = 21*q**2 + 37*q + 37. Give x(-1).
21
Let s(u) = u**3 - 11*u**2 - u - 13. Give s(-4).
-249
Let q(u) = u**3 - 10*u**2 + 30*u + 5. Determine q(6).
41
Let j(v) = -41*v**2 + 6*v + 13. Give j(-2).
-163
Let s(y) = -29*y + 969. Determine s(24).
273
Let j(f) = -f**2 + 113*f - 27. Give j(0).
-27
Let k(t) = 69*t**2 - 57*t. What is k(1)?
12
Let t(b) = 302*b + 1015. Give t(-8).
-1401
Let z(v) = -1565*v + 37537. What is z(24)?
-23
Let x(n) = -n**2 - 72*n - 218. What is x(-3)?
-11
Let m(y) = -2*y**3 + 276*y**2 + 286*y - 1114. Calculate m(139).
-2
Let b(v) = v**2 + 3. Calculate b(7).
52
Let c(b) = -5*b**2 - 818*b + 327. Determine c(-164).
-1
Let z(v) = v**3 - 220*v**2 + 3076*v - 9. Calculate z(15).
6
Let a(j) = 3*j**3 + 263*j**2 - 91*j - 265. Give a(-88).
-1
Let k(a) = -28*a + 1339. Calculate k(48).
-5
Let z(x) = x**3 - 32*x + 53. Determine z(5).
18
Let o(w) = 781*w**2 + 48*w - 49. Determine o(1).
780
Let w(u) = -u**3 - 70*u**2 + 222*u + 213. Give w(-73).
-6
Let l(t) = -155*t + 3569. Determine l(23).
4
Let j(u) = -u